{"id":348,"date":"2021-12-15T13:31:51","date_gmt":"2021-12-15T13:31:51","guid":{"rendered":"https:\/\/www.germanmatters.com\/german\/?page_id=348"},"modified":"2025-04-01T10:47:13","modified_gmt":"2025-04-01T10:47:13","slug":"kontakt","status":"publish","type":"page","link":"https:\/\/www.germanmatters.com\/german\/?page_id=348","title":{"rendered":"Kontakt"},"content":{"rendered":"\n<center><a href=\"#\"><img decoding=\"async\" src=\"http:\/\/www.germanmatters.com\/wp-content\/uploads\/2013\/01\/mapbm.jpg\"><\/a><br><br> <strong>Mobil:<\/strong> +44 (0)7734 679962        <strong>E-Mail:<\/strong> <svg id=\"Layer_2\" data-name=\"Layer 2\" style=\"vertical-align:middle; width:200px\" xmlns=\"http:\/\/www.w3.org\/2000\/svg\" viewBox=\"0 0 78 5.27\"><defs><style>.cls-2{fill:#808080;}<\/style><\/defs><path class=\"cls-2\" d=\"M142.77,3.83l.51.06a1.19,1.19,0,0,1-.44.69A1.52,1.52,0,0,1,141,4.44a1.55,1.55,0,0,1-.37-1.11A1.57,1.57,0,0,1,141,2.19a1.27,1.27,0,0,1,1-.4,1.22,1.22,0,0,1,1,.4,1.54,1.54,0,0,1,.37,1.11v.13h-2.17a1.16,1.16,0,0,0,.27.74.79.79,0,0,0,.61.25.72.72,0,0,0,.46-.14A.89.89,0,0,0,142.77,3.83ZM141.15,3h1.63a.9.9,0,0,0-.19-.55.75.75,0,0,0-.61-.29.81.81,0,0,0-.57.23A1,1,0,0,0,141.15,3Z\" transform=\"translate(-140.62 -0.67)\"><\/path><path class=\"cls-2\" d=\"M143.9,4.76V1.85h.45v.42a1,1,0,0,1,.92-.48,1.3,1.3,0,0,1,.49.09,1,1,0,0,1,.33.25,1,1,0,0,1,.15.36,2.72,2.72,0,0,1,0,.48V4.76h-.5V3a1.32,1.32,0,0,0-.05-.45.49.49,0,0,0-.21-.24.71.71,0,0,0-.34-.08.76.76,0,0,0-.54.2.93.93,0,0,0-.23.75V4.76Z\" transform=\"translate(-140.62 -0.67)\"><\/path><path class=\"cls-2\" d=\"M148.88,5.88V4.45a.86.86,0,0,1-.32.27,1,1,0,0,1-.44.11,1.17,1.17,0,0,1-.89-.41,1.65,1.65,0,0,1-.38-1.14,2,2,0,0,1,.15-.79,1.18,1.18,0,0,1,1.08-.7,1,1,0,0,1,.85.45V1.85h.44v4ZM147.36,3.3a1.32,1.32,0,0,0,.23.84.72.72,0,0,0,.57.28.7.7,0,0,0,.54-.26,1.25,1.25,0,0,0,.23-.82,1.37,1.37,0,0,0-.24-.87.7.7,0,0,0-.56-.29.69.69,0,0,0-.55.27A1.33,1.33,0,0,0,147.36,3.3Z\" transform=\"translate(-140.62 -0.67)\"><\/path><path class=\"cls-2\" d=\"M152.05,4.76V4.34a1,1,0,0,1-.92.49,1.12,1.12,0,0,1-.48-.1.72.72,0,0,1-.33-.25.85.85,0,0,1-.16-.36c0-.1,0-.25,0-.46V1.85h.49V3.47a2.87,2.87,0,0,0,0,.52.49.49,0,0,0,.2.3.56.56,0,0,0,.37.11.78.78,0,0,0,.42-.11.63.63,0,0,0,.27-.31,1.65,1.65,0,0,0,.08-.57V1.85h.49V4.76Z\" transform=\"translate(-140.62 -0.67)\"><\/path><path class=\"cls-2\" d=\"M153.27,1.31V.75h.49v.56Zm0,3.45V1.85h.49V4.76Z\" transform=\"translate(-140.62 -0.67)\"><\/path><path class=\"cls-2\" d=\"M154.51,4.76V1.85H155v.44a1.08,1.08,0,0,1,.32-.4.5.5,0,0,1,.31-.1.93.93,0,0,1,.51.16l-.17.45a.7.7,0,0,0-.36-.1.43.43,0,0,0-.29.1.51.51,0,0,0-.19.26,2.14,2.14,0,0,0-.08.58V4.76Z\" transform=\"translate(-140.62 -0.67)\"><\/path><path class=\"cls-2\" d=\"M156.39,1.31V.75h.49v.56Zm0,3.45V1.85h.49V4.76Z\" transform=\"translate(-140.62 -0.67)\"><\/path><path class=\"cls-2\" d=\"M159.62,3.83l.51.06a1.2,1.2,0,0,1-.45.69,1.28,1.28,0,0,1-.83.25,1.34,1.34,0,0,1-1-.39,1.56,1.56,0,0,1-.38-1.11,1.62,1.62,0,0,1,.38-1.14,1.29,1.29,0,0,1,1-.4,1.25,1.25,0,0,1,1,.4,1.58,1.58,0,0,1,.37,1.11v.13H158a1.11,1.11,0,0,0,.28.74.79.79,0,0,0,.6.25.75.75,0,0,0,.47-.14A1,1,0,0,0,159.62,3.83ZM158,3h1.63a1,1,0,0,0-.19-.55.76.76,0,0,0-.61-.29.78.78,0,0,0-.57.23A.9.9,0,0,0,158,3Z\" transform=\"translate(-140.62 -0.67)\"><\/path><path class=\"cls-2\" d=\"M160.55,3.9l.49-.08a.7.7,0,0,0,.23.45.82.82,0,0,0,.52.15.8.8,0,0,0,.51-.13.44.44,0,0,0,.16-.33.3.3,0,0,0-.14-.26,2,2,0,0,0-.51-.17,4.13,4.13,0,0,1-.75-.24.77.77,0,0,1-.32-.27.76.76,0,0,1-.1-.39.73.73,0,0,1,.08-.36A.75.75,0,0,1,161,2a.9.9,0,0,1,.31-.14,1.49,1.49,0,0,1,.43-.06,1.57,1.57,0,0,1,.6.1.78.78,0,0,1,.38.26,1.14,1.14,0,0,1,.17.45l-.48.07a.53.53,0,0,0-.19-.35.93.93,0,0,0-.93,0,.31.31,0,0,0-.15.26.27.27,0,0,0,.06.17.46.46,0,0,0,.19.13l.44.13a5.43,5.43,0,0,1,.73.23.69.69,0,0,1,.32.26.7.7,0,0,1,.12.42.86.86,0,0,1-.14.46,1,1,0,0,1-.42.34,1.51,1.51,0,0,1-.61.12,1.37,1.37,0,0,1-.87-.24A1.09,1.09,0,0,1,160.55,3.9Z\" transform=\"translate(-140.62 -0.67)\"><\/path><path class=\"cls-2\" d=\"M166.37,4.32a1.8,1.8,0,0,1-.4.33.88.88,0,0,1-.92,0,1,1,0,0,1-.37-.44,1.41,1.41,0,0,1-.15-.65,1.89,1.89,0,0,1,.23-.87,1.74,1.74,0,0,1,.55-.66,1.23,1.23,0,0,1,.65-.22.81.81,0,0,1,.45.13,1,1,0,0,1,.37.38l.1-.43h.49L167,3.71c-.05.26-.08.4-.08.43a.14.14,0,0,0,.06.12.16.16,0,0,0,.13.06.72.72,0,0,0,.38-.17,1.52,1.52,0,0,0,.5-.59A1.69,1.69,0,0,0,167.91,2a1.68,1.68,0,0,0-.7-.64,2.2,2.2,0,0,0-1-.24,2.32,2.32,0,0,0-1.17.3,2.06,2.06,0,0,0-.82.86,2.53,2.53,0,0,0-.29,1.2,2.15,2.15,0,0,0,.29,1.16,1.75,1.75,0,0,0,.84.72,3.25,3.25,0,0,0,1.23.23,2.73,2.73,0,0,0,1.2-.24,1.88,1.88,0,0,0,.72-.59h.5a1.89,1.89,0,0,1-.48.59,2.69,2.69,0,0,1-.81.47,3.16,3.16,0,0,1-1.13.17,4,4,0,0,1-1.12-.15,2.43,2.43,0,0,1-.87-.47,2,2,0,0,1-.55-.72,2.8,2.8,0,0,1-.23-1.12,3.13,3.13,0,0,1,.27-1.28,2.59,2.59,0,0,1,1-1.13,2.67,2.67,0,0,1,1.5-.4,2.71,2.71,0,0,1,1.22.28,2.11,2.11,0,0,1,1.12,1.86A2,2,0,0,1,168,4.22a1.47,1.47,0,0,1-1.09.55.69.69,0,0,1-.31,0,.4.4,0,0,1-.17-.17A.72.72,0,0,1,166.37,4.32ZM165,3.57a.89.89,0,0,0,.18.59.52.52,0,0,0,.41.21.6.6,0,0,0,.32-.1,1.31,1.31,0,0,0,.33-.27,1.53,1.53,0,0,0,.25-.46,1.52,1.52,0,0,0,.1-.55.8.8,0,0,0-.19-.58A.57.57,0,0,0,166,2.2a.68.68,0,0,0-.33.09,1.15,1.15,0,0,0-.3.29,1.79,1.79,0,0,0-.23.48A1.66,1.66,0,0,0,165,3.57Z\" transform=\"translate(-140.62 -0.67)\"><\/path><path class=\"cls-2\" d=\"M169.16,5l.48.08a.48.48,0,0,0,.17.32.82.82,0,0,0,.5.14.88.88,0,0,0,.53-.14.67.67,0,0,0,.25-.38,2.94,2.94,0,0,0,0-.64,1,1,0,0,1-.81.38,1.1,1.1,0,0,1-.93-.43,1.66,1.66,0,0,1-.33-1,1.8,1.8,0,0,1,.16-.77,1.16,1.16,0,0,1,.43-.54,1.17,1.17,0,0,1,.67-.19,1,1,0,0,1,.85.41V1.85h.46V4.37a2.42,2.42,0,0,1-.14,1,1,1,0,0,1-.44.45,1.5,1.5,0,0,1-.74.16,1.39,1.39,0,0,1-.84-.23A.83.83,0,0,1,169.16,5Zm.41-1.74a1.25,1.25,0,0,0,.23.83.71.71,0,0,0,.57.27.72.72,0,0,0,.57-.27,1.22,1.22,0,0,0,.23-.82,1.18,1.18,0,0,0-.24-.8.74.74,0,0,0-.57-.27.73.73,0,0,0-.56.26A1.23,1.23,0,0,0,169.57,3.26Z\" transform=\"translate(-140.62 -0.67)\"><\/path><path class=\"cls-2\" d=\"M174.37,3.83l.51.06a1.2,1.2,0,0,1-.45.69,1.32,1.32,0,0,1-.83.25,1.35,1.35,0,0,1-1-.39,1.55,1.55,0,0,1-.37-1.11,1.62,1.62,0,0,1,.38-1.14,1.27,1.27,0,0,1,1-.4,1.21,1.21,0,0,1,1,.4,1.54,1.54,0,0,1,.37,1.11v.13h-2.17a1.16,1.16,0,0,0,.27.74.81.81,0,0,0,.61.25.72.72,0,0,0,.46-.14A1,1,0,0,0,174.37,3.83ZM172.75,3h1.62a1,1,0,0,0-.18-.55.78.78,0,0,0-.62-.29.81.81,0,0,0-.57.23A.89.89,0,0,0,172.75,3Z\" transform=\"translate(-140.62 -0.67)\"><\/path><path class=\"cls-2\" d=\"M175.49,4.76V1.85h.44v.44a1.19,1.19,0,0,1,.32-.4.5.5,0,0,1,.31-.1.93.93,0,0,1,.51.16l-.17.45a.7.7,0,0,0-.36-.1.43.43,0,0,0-.29.1.51.51,0,0,0-.19.26,2.14,2.14,0,0,0-.08.58V4.76Z\" transform=\"translate(-140.62 -0.67)\"><\/path><path class=\"cls-2\" d=\"M177.36,4.76V1.85h.45v.41a1,1,0,0,1,.88-.47,1,1,0,0,1,.53.13.79.79,0,0,1,.29.38,1,1,0,0,1,.9-.51.86.86,0,0,1,.66.24,1,1,0,0,1,.24.74v2h-.49V2.93a1.43,1.43,0,0,0,0-.43.44.44,0,0,0-.18-.21.54.54,0,0,0-.29-.07.66.66,0,0,0-.51.2.87.87,0,0,0-.2.65V4.76h-.5V2.87a.82.82,0,0,0-.12-.49.45.45,0,0,0-.39-.16.76.76,0,0,0-.39.1.6.6,0,0,0-.25.33,1.61,1.61,0,0,0-.08.6V4.76Z\" transform=\"translate(-140.62 -0.67)\"><\/path><path class=\"cls-2\" d=\"M183.94,4.4a1.75,1.75,0,0,1-.53.33,1.4,1.4,0,0,1-.54.1,1.09,1.09,0,0,1-.74-.23.79.79,0,0,1-.26-.6.71.71,0,0,1,.1-.39.79.79,0,0,1,.25-.29,1.46,1.46,0,0,1,.36-.16,4.1,4.1,0,0,1,.44-.07,5.47,5.47,0,0,0,.88-.17V2.79a.58.58,0,0,0-.14-.43.83.83,0,0,0-.56-.16.91.91,0,0,0-.52.12.71.71,0,0,0-.24.43L182,2.68a1.2,1.2,0,0,1,.21-.5,1,1,0,0,1,.44-.29,1.91,1.91,0,0,1,.66-.1,1.65,1.65,0,0,1,.6.09.75.75,0,0,1,.35.22.78.78,0,0,1,.15.33,2.39,2.39,0,0,1,0,.46v.65a7.29,7.29,0,0,0,0,.87,1,1,0,0,0,.12.35H184A.8.8,0,0,1,183.94,4.4Zm0-1.1a3.22,3.22,0,0,1-.81.19,1.7,1.7,0,0,0-.43.1.38.38,0,0,0-.19.16.39.39,0,0,0-.07.23.43.43,0,0,0,.15.33.61.61,0,0,0,.43.13,1.07,1.07,0,0,0,.51-.12.77.77,0,0,0,.33-.34,1.26,1.26,0,0,0,.08-.5Z\" transform=\"translate(-140.62 -0.67)\"><\/path><path class=\"cls-2\" d=\"M185.16,4.76V1.85h.44v.42a1.06,1.06,0,0,1,.93-.48,1.24,1.24,0,0,1,.48.09.8.8,0,0,1,.33.25.85.85,0,0,1,.16.36,3,3,0,0,1,0,.48V4.76H187V3a1.28,1.28,0,0,0-.06-.45.42.42,0,0,0-.2-.24.74.74,0,0,0-.34-.08.78.78,0,0,0-.55.2,1,1,0,0,0-.23.75V4.76Z\" transform=\"translate(-140.62 -0.67)\"><\/path><path class=\"cls-2\" d=\"M188.28,4.76V1.85h.44v.41a.94.94,0,0,1,.37-.34,1,1,0,0,1,.51-.13.93.93,0,0,1,.53.13.76.76,0,0,1,.3.38,1,1,0,0,1,.89-.51A.89.89,0,0,1,192,2a1,1,0,0,1,.23.74v2h-.49V2.93a1.51,1.51,0,0,0,0-.43.51.51,0,0,0-.18-.21.54.54,0,0,0-.29-.07.66.66,0,0,0-.51.2.88.88,0,0,0-.21.65V4.76H190V2.87a.82.82,0,0,0-.12-.49.46.46,0,0,0-.4-.16.75.75,0,0,0-.38.1.67.67,0,0,0-.26.33,1.84,1.84,0,0,0-.08.6V4.76Z\" transform=\"translate(-140.62 -0.67)\"><\/path><path class=\"cls-2\" d=\"M194.85,4.4a1.6,1.6,0,0,1-.52.33,1.42,1.42,0,0,1-.55.1,1.06,1.06,0,0,1-.73-.23.76.76,0,0,1-.26-.6.71.71,0,0,1,.1-.39.79.79,0,0,1,.25-.29,1.31,1.31,0,0,1,.36-.16,3.83,3.83,0,0,1,.43-.07,5,5,0,0,0,.88-.17c0-.07,0-.11,0-.13a.58.58,0,0,0-.14-.43.86.86,0,0,0-.57-.16.87.87,0,0,0-.51.12.77.77,0,0,0-.25.43l-.48-.07a1.35,1.35,0,0,1,.22-.5,1.05,1.05,0,0,1,.43-.29,2,2,0,0,1,.67-.1,1.69,1.69,0,0,1,.6.09.67.67,0,0,1,.34.22.68.68,0,0,1,.16.33,4.32,4.32,0,0,1,0,.46v.65a7.29,7.29,0,0,0,0,.87,1.05,1.05,0,0,0,.13.35H195A1.18,1.18,0,0,1,194.85,4.4Zm0-1.1a3.12,3.12,0,0,1-.8.19,1.7,1.7,0,0,0-.43.1.4.4,0,0,0-.2.16.48.48,0,0,0-.07.23.43.43,0,0,0,.15.33.64.64,0,0,0,.44.13,1.07,1.07,0,0,0,.51-.12.75.75,0,0,0,.32-.34,1.11,1.11,0,0,0,.08-.5Z\" transform=\"translate(-140.62 -0.67)\"><\/path><path class=\"cls-2\" d=\"M197.15,4.32l.07.44a1.67,1.67,0,0,1-.37,0,.87.87,0,0,1-.41-.08.47.47,0,0,1-.21-.23,1.73,1.73,0,0,1-.06-.58V2.24h-.36V1.85h.36V1.13l.49-.29v1h.49v.39h-.49v1.7a1.31,1.31,0,0,0,0,.27.28.28,0,0,0,.09.1.37.37,0,0,0,.17,0A.9.9,0,0,0,197.15,4.32Z\" transform=\"translate(-140.62 -0.67)\"><\/path><path class=\"cls-2\" d=\"M198.71,4.32l.07.44a1.73,1.73,0,0,1-.37,0,1,1,0,0,1-.42-.08.5.5,0,0,1-.2-.23,1.73,1.73,0,0,1-.06-.58V2.24h-.37V1.85h.37V1.13l.49-.29v1h.49v.39h-.49v1.7a1.31,1.31,0,0,0,0,.27.28.28,0,0,0,.09.1.37.37,0,0,0,.17,0A.9.9,0,0,0,198.71,4.32Z\" transform=\"translate(-140.62 -0.67)\"><\/path><path class=\"cls-2\" d=\"M201.19,3.83l.51.06a1.2,1.2,0,0,1-.45.69,1.32,1.32,0,0,1-.83.25,1.35,1.35,0,0,1-1-.39A1.55,1.55,0,0,1,199,3.33a1.62,1.62,0,0,1,.38-1.14,1.27,1.27,0,0,1,1-.4,1.21,1.21,0,0,1,1,.4,1.54,1.54,0,0,1,.37,1.11v.13h-2.17a1.16,1.16,0,0,0,.27.74.81.81,0,0,0,.61.25.72.72,0,0,0,.46-.14A1,1,0,0,0,201.19,3.83ZM199.57,3h1.62a1,1,0,0,0-.18-.55.76.76,0,0,0-.61-.29.82.82,0,0,0-.58.23A.89.89,0,0,0,199.57,3Z\" transform=\"translate(-140.62 -0.67)\"><\/path><path class=\"cls-2\" d=\"M202.31,4.76V1.85h.44v.44a1.19,1.19,0,0,1,.32-.4.5.5,0,0,1,.31-.1.93.93,0,0,1,.51.16l-.17.45a.7.7,0,0,0-.36-.1.43.43,0,0,0-.29.1.44.44,0,0,0-.18.26,1.81,1.81,0,0,0-.09.58V4.76Z\" transform=\"translate(-140.62 -0.67)\"><\/path><path class=\"cls-2\" d=\"M204,3.9l.49-.08a.69.69,0,0,0,.22.45.84.84,0,0,0,.53.15.77.77,0,0,0,.5-.13A.45.45,0,0,0,205.9,4a.29.29,0,0,0-.15-.26,1.76,1.76,0,0,0-.5-.17,4.13,4.13,0,0,1-.75-.24.72.72,0,0,1-.32-.27.77.77,0,0,1-.11-.39.74.74,0,0,1,.09-.36A.81.81,0,0,1,204.4,2a1,1,0,0,1,.32-.14,1.42,1.42,0,0,1,.42-.06,1.57,1.57,0,0,1,.6.1.74.74,0,0,1,.38.26,1,1,0,0,1,.17.45l-.48.07a.49.49,0,0,0-.19-.35.7.7,0,0,0-.44-.13.78.78,0,0,0-.49.12.33.33,0,0,0-.14.26.27.27,0,0,0,.06.17.4.4,0,0,0,.19.13l.43.13a5.43,5.43,0,0,1,.73.23.71.71,0,0,1,.33.26.77.77,0,0,1,.11.42.78.78,0,0,1-.14.46.92.92,0,0,1-.41.34,1.56,1.56,0,0,1-.62.12,1.32,1.32,0,0,1-.86-.24A1.05,1.05,0,0,1,204,3.9Z\" transform=\"translate(-140.62 -0.67)\"><\/path><path class=\"cls-2\" d=\"M207.13,4.76V4.2h.56v.56Z\" transform=\"translate(-140.62 -0.67)\"><\/path><path class=\"cls-2\" d=\"M210.45,3.7l.48.06a1.28,1.28,0,0,1-.4.79,1.35,1.35,0,0,1-1.77-.11,1.59,1.59,0,0,1-.36-1.12,2.16,2.16,0,0,1,.15-.83A1.18,1.18,0,0,1,209,2a1.48,1.48,0,0,1,.7-.17,1.2,1.2,0,0,1,.77.24,1.11,1.11,0,0,1,.39.68l-.48.07a.83.83,0,0,0-.25-.44.6.6,0,0,0-.42-.15.76.76,0,0,0-.6.27,1.25,1.25,0,0,0-.23.85,1.31,1.31,0,0,0,.22.85.78.78,0,0,0,1.07.09A.94.94,0,0,0,210.45,3.7Z\" transform=\"translate(-140.62 -0.67)\"><\/path><path class=\"cls-2\" d=\"M211.17,3.31a1.5,1.5,0,0,1,.45-1.2,1.39,1.39,0,0,1,.92-.32,1.32,1.32,0,0,1,1,.39,1.52,1.52,0,0,1,.38,1.09,1.94,1.94,0,0,1-.17.88,1.18,1.18,0,0,1-.49.5,1.43,1.43,0,0,1-.7.18,1.31,1.31,0,0,1-1-.39A1.57,1.57,0,0,1,211.17,3.31Zm.51,0a1.28,1.28,0,0,0,.24.84.81.81,0,0,0,.62.27.78.78,0,0,0,.61-.28,1.27,1.27,0,0,0,.24-.85,1.23,1.23,0,0,0-.24-.82.84.84,0,0,0-1.23,0A1.28,1.28,0,0,0,211.68,3.31Z\" transform=\"translate(-140.62 -0.67)\"><\/path><path class=\"cls-2\" d=\"M214.48,4.76V1.85h.44v.41a1,1,0,0,1,.36-.34,1,1,0,0,1,.52-.13,1,1,0,0,1,.53.13.69.69,0,0,1,.29.38,1,1,0,0,1,.9-.51.9.9,0,0,1,.67.24,1,1,0,0,1,.23.74v2h-.49V2.93a1.43,1.43,0,0,0-.05-.43.48.48,0,0,0-.17-.21.6.6,0,0,0-.3-.07.69.69,0,0,0-.51.2.92.92,0,0,0-.2.65V4.76h-.49V2.87a.82.82,0,0,0-.12-.49.47.47,0,0,0-.4-.16.7.7,0,0,0-.38.1.62.62,0,0,0-.26.33,1.84,1.84,0,0,0-.08.6V4.76Z\" transform=\"translate(-140.62 -0.67)\"><\/path><\/svg><strong><br> <br><br><\/center><b>Anfrage:<\/b><\/br>\n<p><\/p>\n<p style=\"font-weight: 300;\">\u00dcber Ihren Anruf oder Ihre E-Mail freuen wir uns sehr. Selbstverst\u00e4ndlich k\u00f6nnen Sie auch das nachstehende Formular zur Kontaktaufnahme und Angebotsanfrage benutzen. Wir melden uns dann schnellstm\u00f6glich mit einem unverbindlichen Kostenvoranschlag bei Ihnen.<\/p>\n<br style=\"font-weight: 300;\">\n\n\n\n<div class=\"wp-block-contact-form-7-contact-form-selector\">\n<div class=\"wpcf7 no-js\" id=\"wpcf7-f350-o1\" lang=\"en-US\" dir=\"ltr\" data-wpcf7-id=\"350\">\n<div class=\"screen-reader-response\"><p role=\"status\" aria-live=\"polite\" aria-atomic=\"true\"><\/p> <ul><\/ul><\/div>\n<form action=\"\/german\/index.php?rest_route=%2Fwp%2Fv2%2Fpages%2F348#wpcf7-f350-o1\" method=\"post\" class=\"wpcf7-form init\" aria-label=\"Contact form\" novalidate=\"novalidate\" data-status=\"init\">\n<div style=\"display: none;\">\n<input type=\"hidden\" name=\"_wpcf7\" value=\"350\" \/>\n<input type=\"hidden\" name=\"_wpcf7_version\" value=\"6.0.6\" \/>\n<input type=\"hidden\" name=\"_wpcf7_locale\" value=\"en_US\" \/>\n<input type=\"hidden\" name=\"_wpcf7_unit_tag\" value=\"wpcf7-f350-o1\" \/>\n<input type=\"hidden\" name=\"_wpcf7_container_post\" value=\"0\" \/>\n<input type=\"hidden\" name=\"_wpcf7_posted_data_hash\" value=\"\" \/>\n<input type=\"hidden\" name=\"_wpcf7_recaptcha_response\" value=\"\" \/>\n<\/div>\n<p><span style=\"font-weight: 300;\"><br \/>\n<label> Ihr Name<span style=\"color:red;\">*<\/span><br \/>\n<span class=\"wpcf7-form-control-wrap\" data-name=\"your-name\"><input size=\"40\" maxlength=\"400\" class=\"wpcf7-form-control wpcf7-text wpcf7-validates-as-required\" aria-required=\"true\" aria-invalid=\"false\" value=\"\" type=\"text\" name=\"your-name\" \/><\/span> <\/label><br \/>\n<span style=\"font-weight: 300;\"><br \/>\n<label> Ihre E-mail-Adresse<span style=\"color:red;\">*<\/span><br \/>\n<span class=\"wpcf7-form-control-wrap\" data-name=\"your-email\"><input size=\"40\" maxlength=\"400\" class=\"wpcf7-form-control wpcf7-email wpcf7-validates-as-required wpcf7-text wpcf7-validates-as-email\" aria-required=\"true\" aria-invalid=\"false\" value=\"\" type=\"email\" name=\"your-email\" \/><\/span> <\/label><br \/>\n<span style=\"font-weight: 300;\"><br \/>\n<label> Betreff<span style=\"color:red;\">*<\/span><br \/>\n<span class=\"wpcf7-form-control-wrap\" data-name=\"your-subject\"><input size=\"40\" maxlength=\"400\" class=\"wpcf7-form-control wpcf7-text wpcf7-validates-as-required\" aria-required=\"true\" aria-invalid=\"false\" value=\"\" type=\"text\" name=\"your-subject\" \/><\/span> <\/label><br \/>\n<span style=\"font-weight: 300;\"><br \/>\n<label> Ihre Nachricht<span style=\"color:red;\">*<\/span><br \/>\n<span class=\"wpcf7-form-control-wrap\" data-name=\"your-message\"><textarea cols=\"40\" rows=\"10\" maxlength=\"2000\" class=\"wpcf7-form-control wpcf7-textarea wpcf7-validates-as-required\" aria-required=\"true\" aria-invalid=\"false\" name=\"your-message\"><\/textarea><\/span> <\/label><br \/>\n<input class=\"wpcf7-form-control wpcf7-submit has-spinner\" type=\"submit\" value=\"Senden\" \/><\/span><\/span><\/span><\/span>\n<\/p><div class=\"wpcf7-response-output\" aria-hidden=\"true\"><\/div>\n<\/form>\n<\/div>\n<\/div>\n","protected":false},"excerpt":{"rendered":"<p>Mobil: +44 (0)7734 679962 E-Mail: Anfrage: \u00dcber Ihren Anruf oder Ihre E-Mail freuen wir uns sehr. Selbstverst\u00e4ndlich k\u00f6nnen Sie auch das nachstehende Formular zur Kontaktaufnahme und Angebotsanfrage benutzen. Wir melden [&hellip;]<\/p>\n","protected":false},"author":3,"featured_media":0,"parent":0,"menu_order":0,"comment_status":"closed","ping_status":"closed","template":"","meta":{"footnotes":""},"class_list":["post-348","page","type-page","status-publish","hentry"],"_links":{"self":[{"href":"https:\/\/www.germanmatters.com\/german\/index.php?rest_route=\/wp\/v2\/pages\/348","targetHints":{"allow":["GET"]}}],"collection":[{"href":"https:\/\/www.germanmatters.com\/german\/index.php?rest_route=\/wp\/v2\/pages"}],"about":[{"href":"https:\/\/www.germanmatters.com\/german\/index.php?rest_route=\/wp\/v2\/types\/page"}],"author":[{"embeddable":true,"href":"https:\/\/www.germanmatters.com\/german\/index.php?rest_route=\/wp\/v2\/users\/3"}],"replies":[{"embeddable":true,"href":"https:\/\/www.germanmatters.com\/german\/index.php?rest_route=%2Fwp%2Fv2%2Fcomments&post=348"}],"version-history":[{"count":14,"href":"https:\/\/www.germanmatters.com\/german\/index.php?rest_route=\/wp\/v2\/pages\/348\/revisions"}],"predecessor-version":[{"id":369,"href":"https:\/\/www.germanmatters.com\/german\/index.php?rest_route=\/wp\/v2\/pages\/348\/revisions\/369"}],"wp:attachment":[{"href":"https:\/\/www.germanmatters.com\/german\/index.php?rest_route=%2Fwp%2Fv2%2Fmedia&parent=348"}],"curies":[{"name":"wp","href":"https:\/\/api.w.org\/{rel}","templated":true}]}}